*t**2 + 5*t - 4. Let p(h) = -h**3 - 3*h**2 - 2*h + 2. Let l(a) = -2*c(a) - 5*p(a). Determine l(3).
16
Let l(p) = 13*p + 20. Let c(f) = 28*f + 43. Let u(z) = 6*c(z) - 13*l(z). Give u(6).
-8
Let a(x) = x**3 - 7*x**2 + 7*x. Let h = 44 + -38. Calculate a(h).
6
Suppose -2*j + 18 = 4*p, -21 = -5*p + j - 3*j. Let y(o) = -p*o + 7*o - 6*o - 1. Calculate y(-3).
5
Let k be (1 + -5 - 1)/1. Let v(t) = 2*t - t - 3156 + 3158. Calculate v(k).
-3
Let y(n) = 47 - 5*n + 44 - 9*n**2 - 79 + 10*n**2. Calculate y(5).
12
Let x(c) be the second derivative of -c**7/630 + c**6/720 + c**5/120 - c**4 - 3*c. Let l(n) be the third derivative of x(n). Determine l(-2).
-17
Let t be 4/18 - -2*(-92)/(-144). Let z(p) be the first derivative of 2*p - t*p**2 + 5 - 1/3*p**3. Give z(-5).
-8
Let g = -48 + 50. Let h(c) be the first derivative of -4*c - 1/2*c**g - 3. Determine h(-3).
-1
Let c(o) be the third derivative of o**8/1440 - o**5/12 + o**2. Let n(s) be the third derivative of c(s). Suppose -5*h = -22 + 17. Determine n(h).
14
Let m(n) = 7*n**2 - 4*n + 5. Let q(j) be the second derivative of -j**4/12 + j**3/6 - 23*j. Let z(g) = m(g) + 6*q(g). What is z(-4)?
13
Let f(a) be the third derivative of -a**6/120 + a**5/12 + a**4/3 - a**3/6 - 146*a**2. Give f(6).
11
Let c be (3 - 2)/((-3)/(-6)). Suppose 4*t + 5*p - 5 = t, -4*t + c*p = -24. Let a(f) = -2*f**2 + 8 - t*f + 10*f**2 - 4*f**2 - 5*f**2. What is a(-6)?
2
Suppose -30 = -5*x + 5*n + 20, -3*n = 3*x. Let f(j) be the second derivative of -26 + 2*j - 3/2*j**2 + 1/2*j**3. Give f(x).
12
Let c(h) = h**3 - 5*h**2 - 2*h - 12. Let s(w) = 2*w**3 - 7*w**2 - 3*w - 12. Let m(n) = -3*c(n) + 2*s(n). What is m(0)?
12
Suppose 0 = -0*f + 10*f. Let s(i) = i**3 - i**2 - 5. Calculate s(f).
-5
Suppose 12*g = 76 + 128. Let o = 11 - g. Let v(z) = -3*z**3 + 2*z**2 + 4*z + 12. Let j(m) = -m**3 + m**2 + m + 4. Let b(a) = -17*j(a) + 6*v(a). Calculate b(o).
-2
Let w(h) = -3*h**3 + h**2. Suppose -3*b = -15, 5*b - 3*b - 5 = 5*r. Give w(r).
-2
Let s be -3*(-3 + (-11)/(-3)). Let q(n) = n**2 + 2*n + 1. Let x be q(s). Let k(r) = -3*r**2 - r. What is k(x)?
-4
Let i = -35 + 43. Let u(v) = -v**2 + 9*v - 14. Let m(d) = -1. Let t(q) = -3*m(q) + u(q). What is t(i)?
-3
Let r(d) be the third derivative of 0*d - 3*d**2 + 0 - 5/24*d**4 + 1/6*d**3. Determine r(2).
-9
Let w(g) = -g. Suppose o = 2*l + 3*l + 69, -4*l = o + 48. Let j(k) = k**2 + 11*k - 23. Let s be j(l). What is w(s)?
-3
Let i(p) be the first derivative of p**3/3 + 7*p**2/2 - 28*p + 293. Calculate i(-9).
-10
Let u(w) = w**2 - 20*w + 103. Let r be u(10). Let o(t) = -2*t**2 - 2. Calculate o(r).
-20
Let o(g) = g**3 - 2*g**2 - g + 1. Let x = -1532 + 1534. Calculate o(x).
-1
Let i(u) = -7*u**2 - 3*u + 25. Let b(y) = -9*y**2 - 4*y + 31. Let z(r) = -4*b(r) + 5*i(r). Calculate z(-4).
13
Let z be (5 - 98/18)/(2/(-9)). Let n(h) = h**3 - 2*h**2 + h - 2. Calculate n(z).
0
Let k(d) = -d + 2. Let a be k(-1). Let g(n) = 5*n**2 - n**2 - 173 - 3*n - a*n**2 + 175. Calculate g(4).
6
Let p(k) be the second derivative of k**4/12 + 5*k**3/6 - 3*k**2/2 - 2*k. Let a(g) = -g**3 - 5*g**2 + g + 1. Let m = -20 - -15. Let q be a(m). Determine p(q).
-7
Let h(m) = -24 - 4*m + 16 + 13. Determine h(6).
-19
Let t(z) = -3*z + 15 - 5 - 5 + z. Give t(-6).
17
Let n(y) be the second derivative of y**4/12 + 2*y**3/3 - y**2/2 + 60*y. Let p(w) = 2*w**2 + 12*w - 17. Let s be p(-7). What is n(s)?
-4
Let s(n) = -n**2 + 3*n + 3. Let t be s(-3). Let b = t - -18. Let r(c) = -c**2 - c + 4*c - b + 3*c - 2*c. Give r(4).
-3
Let i(n) = n**3 - n**2 - 7. Let s be i(0). Let z(u) = -3*u**2 - 10*u + 1. Let w(j) = -j**2 - j + 1. Let f(v) = 2*w(v) - z(v). Give f(s).
-6
Let r(l) = -l**3 - 4*l**2 + 3*l + 6. Suppose 3*m = 5*j - 114, -4*m - j = 104 + 25. Let q be 7/(7/(-3)) + m. Let n = 32 + q. What is r(n)?
-6
Let c(j) = 5*j**2 - 3*j - 3. Let x be c(-1). Let y(a) = 116*a - x - 51*a - a**2 - 57*a. Determine y(6).
7
Let i = 77 - 67. Let t(s) = s + s**2 - 8 - 2*s + i*s. Calculate t(-9).
-8
Let n(y) be the second derivative of -y**3/3 - 55*y. Give n(2).
-4
Suppose 0*g - 35 = 5*g. Let t(c) = c**2 - 2*c - 1. Let w be t(-1). Let r(o) = o**3 - 9 + 6*o**w + 2*o**2 + 20*o - 15*o. Determine r(g).
5
Let c = -71 + 79. Suppose -5*k = -c*k - 3. Let g(t) = -17*t**3 + 2*t + 1. Give g(k).
16
Let y(j) = j**3 + 3*j**2 + j. Let w be y(-1). Let u(p) = 2*p**2. Let r be u(w). Let v(o) = 3*o**2 + 2*o**2 - r*o**2 + 6 + o**3 + 2*o**2 - 6*o. What is v(-6)?
6
Let j(q) be the first derivative of -q**3/3 - q**2/2 - 92. Suppose o + 3 = 0, -v - 4*o = 2 + 13. What is j(v)?
-6
Let d be 1/(4 - 55/15). Let h(l) = -l**2 + 6*l + 2. Let b be h(6). Let o(j) = 3*j - 1 - 175*j**b + 0 + 174*j**2. Calculate o(d).
-1
Let q = -252 + 256. Let g(s) = -s**3 + 5*s**2 - 6*s + 10. What is g(q)?
2
Let x = -14 + -71. Let m be 68/x + (-54)/(-5). Suppose m = -4*s - 6. Let q(b) = -2*b + 4. Calculate q(s).
12
Let a(d) = -3*d + 2. Suppose -g + r = -6, 4*g + 3*r = -9 + 12. Calculate a(g).
-7
Let k(r) = 3*r - 7. Let v(t) = 1. Let s(i) = k(i) + 6*v(i). Let n(y) = -y. Let c(h) = -2*n(h) - s(h). Give c(-3).
4
Let p(d) = -d. Let f(z) = -7*z + 4. Let a be f(-3). Suppose 7*u + 2*u = 36. Suppose x - 20 = u*t + 2*x, -5*t - a = -x. Determine p(t).
5
Let u(g) be the second derivative of g**8/1120 - g**6/360 - g**5/120 + 7*g**4/6 - 16*g. Let b(n) be the third derivative of u(n). What is b(-1)?
-5
Let w(i) = i**3 - 4*i**2 - 4*i + 2. Let p(c) = c**2 - 9*c + 11. Let u(v) = 3*v + 32. Let h be u(-8). Let m be p(h). Calculate w(m).
-19
Let m = 538 + -543. Let v(g) = g**3 + 6*g**2 + 2*g + 1. Determine v(m).
16
Let t(r) = 10*r - 3. Suppose -3*g = 2*x - 64 - 25, -5*g + 123 = -3*x. Suppose 3*v + 0*v + g = 0. Let o be v/21 + (-51)/(-21). Give t(o).
17
Let g(c) = -c**2 + c. Suppose -2*r - 63*f + 66*f = 21, 2*f = 10. Determine g(r).
-12
Let i(p) be the third derivative of -p**6/120 - p**5/6 + p**4/2 - p**3/3 + 72*p**2 + 1. Determine i(-11).
-13
Let t(o) = 2 + 3*o**2 - 4*o**2 + 2*o - 3. Let f = -10 + 11. Let q = -1 - f. Calculate t(q).
-9
Let x = 82 - 79. Let y(s) = 2*s**3 + 8 - 3*s**3 - 7*s**2 - s - s**3 + x*s**3. Give y(7).
1
Let y be 9*(-1 + 44/36). Suppose y*h = 8, n + 3*h + 3 = -4*n. Let x(z) be the second derivative of z**3/6 - z. Determine x(n).
-3
Let s be -8*(35/10 - 4). Let w(a) = 8*a - 6. Calculate w(s).
26
Let k(j) be the third derivative of j**4/24 + 7*j**3/6 - 2*j**2. Let m(n) = -5*n - 7. Let o be m(-5). Suppose -q - o = -13. Calculate k(q).
2
Let f(p) = -p**2 + 6*p - 5. Suppose 2*r + 5 = -3, w + 16 = -5*r. Let j be f(w). Let b(k) = -k**2 + 2. Determine b(j).
-7
Suppose -2*p + 0*p + 2 = 0, -4*b + 13 = p. Let n(a) = -3*a + 7*a + 3 + 126*a**2 - 2*a - 157*a**2 + 29*a**2. Give n(b).
-9
Suppose -4*g = -2*m + 28, 70 = 5*m + 4*g - 3*g. Let r(y) be the first derivative of y**2/2 - 9*y + 2135. What is r(m)?
5
Let q(k) be the third derivative of k**4/6 + 11*k**3/6 - 3*k**2 - 18. Give q(-10).
-29
Let r(u) = -6*u**2 - 11*u + 3*u + 39*u**3 + 46*u**3 + 9 - 1 - 84*u**3. Determine r(7).
1
Let s(u) = -3*u + 6. Suppose 761*q + 28 = 765*q. Calculate s(q).
-15
Let r(g) = -3 + 1 + 3 - 2 + g. Let h(a) = 7*a**3 - 7*a**2 - a + 8. Let i(j) = 8*j**3 - 8*j**2 + 8. Let m(q) = 7*h(q) - 6*i(q). Let k be m(3). Calculate r(k).
4
Let g(u) = u**3 + 9*u**2 + u + 13. Let w(c) = c**2 - 24*c + 54. Let s be w(21). Give g(s).
4
Let h(x) be the first derivative of x**4/4 + 2*x**3/3 - 2*x**2 - x - 36. Suppose -2*i - 2*s = 0, -2*s = -4*i - 5*s + 2. Suppose 1 = -i*u - 5. Determine h(u).
2
Let m(j) = 1 - 3*j - 2*j - j. Let h = -3 - -2. Determine m(h).
7
Let q(g) be the second derivative of -g**4/24 + g**3/3 + 6*g**2 + 4*g. Let x(p) be the first derivative of q(p). Give x(2).
0
Suppose 5*f - 3*f = 46. Let k = f - 23. Let m(z) = -z - 1. What is m(k)?
-1
Let s = 34 + -21. Let p = 15 - s. Let b(f) = f**3 + f**2 - 2*f + 2. Give b(p).
10
Let m = -832 - -828. Let c(v) = 3*v + 14. Calculate c(m).
2
Let c(l) = l**3 - 2*l**2 + 3*l + 1. Let x be 400/144 + (-10)/(-45). What is c(x)?
19
Let u be (5 + 1)*((-33)/22)/3. Let n(q) = -q**2 + 2*q + 3. Calculate n(u).
-12
Let z(v) = v + 3. Let q(x) = -x - 4. Let u(k) = -q(k) - 3*z(k). Determine u(-3).
1
Suppose 10 = 15*t - 5. Let s(r) = 8*r**2 + 4*r - 4. What is s(t)?
8
Let d be -1*1 - (-1)/(-1). Let h(v) = 3*v**2 + 16747 + 3*v**2 - v**2 - 3*v**2 - 2*v - 1